 = -p + 2*n. Suppose 4*z - p*d + 3 = 31, 3*z = -3*d + 3. Let u = z - 9. Let c(r) = -r**3 - 5*r**2 - 4*r - 2. Calculate c(u).
-2
Let t(q) be the third derivative of -1/6*q**3 + 0*q + 1/60*q**5 - 1/24*q**4 - 2*q**2 + 0. Suppose 17 = 5*y - u + 3*u, -2*y + 7 = u. Determine t(y).
5
Let y(h) = 2*h + 1. Let u be 1/1*-3*-1. Let c be y(u). Let m(d) = -d + 1. Give m(c).
-6
Let h(w) = -2*w**2 - 2*w + 6. Suppose -6 = 5*k - 36. Let d(f) = -f**2 - 2*f + 7. Let s(c) = k*h(c) - 5*d(c). Calculate s(1).
-8
Let n(i) = 7*i**3 - i + 1. Let l(m) = m**3 - 5*m**2 - 4*m + 2. Let v be l(6). Suppose -5*f + 25 = -0*y + 5*y, 2*f + 3*y = v. Give n(f).
7
Suppose 5*q - 4*f + 11 = 0, -f = -3*q + f - 5. Let o(p) = 2*p. Determine o(q).
2
Let g(r) be the first derivative of r**3/3 + r**2/2 - r + 5. Determine g(-2).
1
Let x = 1 + 11. Let u be 4/(-3)*54/x. Let n(c) = -c**2 - 4*c + 6. Determine n(u).
-6
Let m(n) be the first derivative of n**5/60 + n**4/12 - n**3/3 + 2*n**2 - 2. Let z(s) be the second derivative of m(s). Give z(-4).
6
Let p(y) = -y**2 + 5*y + 7. Let m be 180/42 + (-2)/7. Let a(h) = h + 1. Let o be a(m). Calculate p(o).
7
Suppose -3*n + 2*n = -5*z + 9, 5*n = -4*z + 42. Let g be (-5)/7 - n/21. Let a(d) = -3*d**2 - d. What is a(g)?
-2
Let n(q) = -q**2 + 11*q - 10. Let l(d) = d - 2. Let g(r) = 3*l(r) - n(r). Let c = -3 - -9. Give g(c).
-8
Suppose -2*d - 7 = -2*w - 1, 3*w = 2*d + 14. Let q(z) = z**3 - 7*z**2 - 8*z + 5. Calculate q(w).
5
Let p(a) = -a + 4. Suppose -9*k - 2 = 25. Give p(k).
7
Suppose 3*w + 10 = 5*w. Let k(t) = w + 5*t + t - t**2 - 3*t. Give k(4).
1
Let u = -2 + 5. Suppose -6*a + u*a = 0. Let k(b) = b - 3. Give k(a).
-3
Let m(r) = r**3 - 3*r**2 + 1. Let j(q) = -3*q**3 + 9*q**2 - q - 3. Let c(w) = 2*j(w) + 7*m(w). Calculate c(4).
9
Let i be (-10)/(-4) + (-3)/6. Let c(z) be the third derivative of -7*z**4/24 + z**3/2 + 2*z**2. Let a(w) = -2*w + 1. Let f(j) = 9*a(j) - 2*c(j). Calculate f(i).
-5
Let q(d) = d**3 - 3*d**2 + 4*d - 2. Let o be (-490)/(-6) + 12/(-18). Let t be 144/o + 2/9. Give q(t).
2
Suppose -5*h - 7 - 8 = 0. Let w(b) = b**2 - 5. Let n be w(h). Let g(l) be the third derivative of -l**5/60 + l**4/6 + l**3/2 - l**2. What is g(n)?
3
Suppose 0 + 6 = 3*g. Let p(q) = g - 2*q - 6*q - 1. What is p(-1)?
9
Let a(m) = m**2 + 10*m - 1. Let y be a(-10). Let o(n) = n**2 + n + 1. Give o(y).
1
Let i(x) be the second derivative of -x**4/12 - 3*x**3/2 - 3*x**2 - 50*x. Calculate i(-7).
8
Suppose y - 5*y + 8 = 0, 1 = -5*f + 3*y. Suppose 11 - f = -2*n. Let i(u) be the second derivative of u**3/6 + u**2 + u. Determine i(n).
-3
Let y(t) = -6*t**3 + t**2 + t. Let s = 24 + -25. Determine y(s).
6
Let v = 6 + -4. Let c(m) = -5*m + 0*m + v*m + 2*m. What is c(-3)?
3
Let t(a) = a**2 - 7*a + 8. Let j be t(6). Let c = 2 - j. Let u(l) = l**3 - l**2 - l + 1. Calculate u(c).
1
Let m(f) be the first derivative of -2*f**2 - 10. Let a = -1 - -2. Determine m(a).
-4
Let u(m) = m**3 - 4*m**2 + 4*m - 3. Let j be u(2). Let f = -5 - j. Let k(i) = i**3 + 2*i**2. Calculate k(f).
0
Let u(t) = 1 + 0 - t**2 - 6*t - 1 + 8. Let o be u(-7). Let k(a) = -4*a**3 + a. Give k(o).
-3
Let g(n) be the third derivative of n**5/12 - n**3/3 - 25*n**2 - 1. What is g(2)?
18
Let x(s) be the third derivative of s**6/120 + 2*s**5/15 + 3*s**4/8 + 5*s**3/3 - 9*s**2. Determine x(-7).
-4
Let x(t) be the second derivative of -t**3/2 - 7*t**2/2 + t. Determine x(-5).
8
Let g(s) = -2*s**2 + s**2 - 13*s**3 + s + 14*s**3. Let f be 2 - 10/2 - -3. What is g(f)?
0
Let u be 0/(6*(-2)/4). Let d = u + 4. Let s(v) be the second derivative of -v**3/6 - v**2/2 - 3*v. Determine s(d).
-5
Let g(h) = 7*h - 1. Let f be g(-1). Let l(a) = a**2 + 8*a + 3. Calculate l(f).
3
Let v(p) = -7 + p + 47*p**2 - 46*p**2 + 7*p. Give v(-8).
-7
Let g(z) = -7*z**2 + 5*z - 3. Let n(t) = 13*t**2 - 10*t + 5. Suppose k + 2*k = 33. Let m(h) = k*g(h) + 6*n(h). Let w = 5 - 1. Determine m(w).
-7
Let u(m) = -m - 1. Suppose 0 = 2*c + 1 + 3. Let z(t) = -t + 2. Let q(j) = -j + 4. Let k(v) = 4*q(v) - 7*z(v). Let f(g) = c*u(g) - k(g). Give f(6).
-6
Let l(u) be the third derivative of -u**4/12 + 5*u**3/6 - 7*u**2. Let j be 3/(-15) + (-21)/(-5). Calculate l(j).
-3
Let g(q) = 3*q**2 + 3*q + 3. Suppose 6*p - 3*p + 1 = -5*n, -4*n = -2*p - 8. What is g(p)?
9
Let i be 1/4 - 57/(-12). Let h(a) = a - 7. Calculate h(i).
-2
Let g(o) = -2*o**2 + 7*o - 9. Let j(m) = -5*m**2 + 20*m - 27. Let z(p) = 8*g(p) - 3*j(p). Calculate z(-7).
-12
Let p(r) = -4*r + 3. Let y(w) = w - 13. Let s be y(7). Let i be (9/s)/((-3)/6). Calculate p(i).
-9
Suppose m = -4*m + 30. Let l(g) be the third derivative of 0*g + 0*g**5 - 1/24*g**4 - 2*g**2 - 1/60*g**m + 0*g**3 + 0. What is l(1)?
-3
Let j(s) be the third derivative of s**5/60 + 7*s**4/24 + s**3 - 6*s**2. What is j(-5)?
-4
Let h = -1 - -1. Let s(k) = -k - 10. Let x(l) = -2*l - 19. Let n(a) = -11*s(a) + 6*x(a). What is n(h)?
-4
Let w(l) = -5*l + 98*l**3 - 2*l**2 + 0 - 97*l**3 - 1. Determine w(4).
11
Let t be 2/3 - 17/3. Let d(w) = -1. Let i(b) = -b - 9. Suppose 3*h = 2*l + 7, -5*h + 3*l - 1 = -12. Let n(r) = h*i(r) - 6*d(r). Determine n(t).
2
Let v(r) = 2*r**2 - 5*r + 0*r - 2*r**3 + 5*r. Let f = 7 + -5. Give v(f).
-8
Let d be (-58)/6 + (-6)/(-9). Let p be d*-3*(-1)/9. Let m(v) = 13*v**3 + 3*v**2 + 21. Let q(a) = 3*a**3 + a**2 + 5. Let b(u) = -2*m(u) + 9*q(u). Calculate b(p).
3
Let q(f) = 12*f - 2 - f**3 - 21*f + 18*f + 7*f**2. What is q(8)?
6
Let s(b) = 2*b**2 - 3*b. Suppose 2*f + a + 3 - 9 = 0, -3*a = 0. Suppose 0 = -2*w + 1 + f. What is s(w)?
2
Let g(a) = 9*a - 17. Let v(f) = -5*f + 9. Let o(i) = -4*g(i) - 7*v(i). Give o(7).
-2
Let u(p) = p + 6. Let m be u(-6). Suppose 0 = g - m - 5. Let h(s) = s**2 - 5*s + 1. Calculate h(g).
1
Suppose -2*t + 25 = -7*t. Let l(u) = 1003 - 3*u - 1003. Calculate l(t).
15
Let b(j) be the first derivative of -2*j**2 - 3*j - 3 - 1/3*j**3. Give b(-4).
-3
Suppose 2*o - 78 = -o. Let i = o - 21. Let y(p) = -p**2 + 6*p - 5. Calculate y(i).
0
Let t = -9 + 15. Suppose -2*s = -2*o + 12, 3*o - 12 = t*o. Let w = s - -15. Let p(d) = d + 2. What is p(w)?
7
Suppose -152*w + 151*w = 0. Let v(r) = -r + 33. Calculate v(w).
33
Suppose 9 - 21 = 3*l. Let p(n) = n**3 + 2*n**2 - n. Let h be p(-2). Let j(o) = -o**2 + 0 + o + 2*o**h - 3 + 3*o. Give j(l).
-3
Let f = 10 + -14. Let k(g) = -3 - g**2 - 2*g + 2 + 4. Give k(f).
-5
Let i(j) = -4*j - 10. Let k = -43 + 36. What is i(k)?
18
Let p = -96 - -91. Let z(y) = y**3 - 5*y - 2. Let s(q) = -2*q**3 - q**2 + 10*q + 3. Let r(k) = 4*s(k) + 7*z(k). What is r(p)?
-2
Let u(w) = 7*w - 1. Let v be u(-2). Let g be (-4)/(-10) + 6/v. Let r(h) = 2 + h**2 - 4 - 2*h - h**3 + h. Calculate r(g).
-2
Let g(u) = -3*u + 3. Suppose -9 = -2*l - 5. Calculate g(l).
-3
Let t(o) = o**2 - 1. Let f be t(2). Let c(w) = -2*w**2 - w**2 - f*w + w**2 - w**3. Let g = 23 - 25. Calculate c(g).
6
Let i(h) = -h - 4. Let b be (-10)/4 + (-3)/6. What is i(b)?
-1
Let q be 0 - (1 + -2 + -1). Let p(b) = -5*b. Determine p(q).
-10
Let z(n) = -n + 2. Let k(i) = 6*i**2 - i. Suppose p + p + 6 = 0. Let s = p + 4. Let w be k(s). Give z(w).
-3
Let f(g) = -6*g + 0*g**3 + 3*g**3 + 28 - 2*g**3 - 11 + 7*g**2. Let a be f(-8). Let w(p) be the third derivative of p**5/60 + p**3/6 + p**2. Give w(a).
2
Let x(m) be the first derivative of 3 + m - 1/4*m**4 + 5/3*m**3 + m**2. Calculate x(5).
11
Let c = 7 + -2. Let p(m) = 5*m - 11. Let n(h) = 4*h - 10. Let a(s) = 4*n(s) - 3*p(s). Calculate a(c).
-2
Let v(n) = n**2 - n - 3. Let a(y) = y**2 - 3*y - 7. Let r(w) = -3*a(w) + 7*v(w). Determine r(-2).
12
Let d(c) = 6*c - 2*c + 3*c. Let m be ((-8)/6)/((-10)/(-15)). Let v be 3*m*2/12. Calculate d(v).
-7
Let u(c) be the first derivative of 3*c**2/2 + 6*c - 66. Let l(r) = r**2 + 5*r - 10. Let v be l(-7). Suppose -1 - v = z. Calculate u(z).
-9
Let w(x) = -7 + x**2 + 0*x**2 - 8*x + 0*x**2 + 0*x**2. Give w(8).
-7
Suppose -11*a + 6*a = 10. Let m(z) = -z**2 - 2. Determine m(a).
-6
Suppose -5*h - 16 = -1. Let z(l) = l + 2. Let k(u) = -2*u - 4. Let w(a) = h*k(a) - 7*z(a). Suppose -5*c = -5*x + 40, 2*c = c - x. Give w(c).
2
Let x(k) = k**2 - k - 1. Let l(h) = -5*h**2 + 7*h + 3. Let r(u) = l(u) + 4*x(u). Suppose 0*z - 2 = 2*z. Let c be z/((-2)/8)*1. Calculate r(c).
-5
Let p(j) = -4*j + 2. Suppose 0 = -2*q + 5 - 1. Calculate p(q).
-6
Suppose 5*v = r - 6*r - 20, -2*v = -r - 4. 